{"id":10668,"date":"2022-05-24T23:21:17","date_gmt":"2022-05-24T21:21:17","guid":{"rendered":"https:\/\/www.norderney192.nl\/norderney\/?page_id=10668"},"modified":"2023-02-01T19:20:26","modified_gmt":"2023-02-01T18:20:26","slug":"herinneringen_annekevandijk","status":"publish","type":"page","link":"https:\/\/www.norderney192.nl\/norderney\/herinneringen_annekevandijk\/","title":{"rendered":"herinneringen_annekevandijk"},"content":{"rendered":"<p>[et_pb_section fb_built=&#8221;1&#8243; fullwidth=&#8221;on&#8221; admin_label=&#8221;Generic S0&#8243; module_id=&#8221;nn-generic-section0&#8243; _builder_version=&#8221;4.16&#8243; _module_preset=&#8221;default&#8221; saved_tabs=&#8221;all&#8221; global_colors_info=&#8221;{}&#8221;][et_pb_fullwidth_code admin_label=&#8221;Generic S0 Full Width Code&#8221; module_id=&#8221;nn-generic-section0-code&#8221; _builder_version=&#8221;4.17.3&#8243; _module_preset=&#8221;default&#8221; width=&#8221;100%&#8221; global_colors_info=&#8221;{}&#8221;]<\/p>\n<h5><!-- [et_pb_line_break_holder] -->  anneke van dijk<!-- [et_pb_line_break_holder] --><\/h5>\n<p>[\/et_pb_fullwidth_code][\/et_pb_section][et_pb_section fb_built=&#8221;1&#8243; fullwidth=&#8221;on&#8221; admin_label=&#8221;Generic S1&#8243; module_id=&#8221;nn-generic-section1&#8243; _builder_version=&#8221;4.16&#8243; _module_preset=&#8221;default&#8221; saved_tabs=&#8221;all&#8221; global_colors_info=&#8221;{}&#8221;][et_pb_fullwidth_code admin_label=&#8221;Generic S1 Full Width Code&#8221; module_id=&#8221;nn-generic-section1-code&#8221; _builder_version=&#8221;4.19.5&#8243; _module_preset=&#8221;default&#8221; width=&#8221;100%&#8221; custom_margin=&#8221;||||false|false&#8221; hover_enabled=&#8221;0&#8243; global_colors_info=&#8221;{}&#8221; sticky_enabled=&#8221;0&#8243;]<\/p>\n<div id=\"nn-page-global\"><!-- [et_pb_line_break_holder] -->    <\/p>\n<div id=\"nn-page-herinneringen\"><!-- [et_pb_line_break_holder] -->        <pee><!-- [et_pb_line_break_holder] -->        <\/p>\n<h2>Veronica is gewoon een mooi deel van mijn leven geweest<\/h2>\n<p><i>door Anneke van Dijk<\/i><\/pee><!-- [et_pb_line_break_holder] -->        <\/p>\n<figure class=\"floatleft\"><img decoding=\"async\" src=\"\/afb\/tomcollins_dj.jpg\" \/><!-- [et_pb_line_break_holder] --><figcaption>Tom Collins<\/figcaption><!-- [et_pb_line_break_holder] -->        <\/figure>\n<p><!-- [et_pb_line_break_holder] -->        <pee>In maart 1957 ben ik geboren en heb Veronica vanaf het begin meegemaakt, omdat mijn moeder meteen enorme fan<!-- [et_pb_line_break_holder] -->            was. Zij had zelfs nog <b>luisterviskaarten<\/b>. Vanaf mijn 11e jaar begon ik mij ter interesseren voor de<!-- [et_pb_line_break_holder] -->            muziek en vanaf mijn 12e jaar ben ik zeer geregeld verzoekplaten gaan aanvragen voor mijn klasgenoten,<!-- [et_pb_line_break_holder] -->            vooral bij <b>Tom Collins<\/b>, waar jij vaak technicus was &#8230; Ik weet nog dat hij je wel eens pestte met je<!-- [et_pb_line_break_holder] -->            haarkleur, ik heb nl. dezelfde haarkleur, maar van Tom kon je het hebben h\u00e9 &#8230; hij meende het niet zo. Ook<!-- [et_pb_line_break_holder] -->            vroeg ik vaak verzoekjes aan bij <b>Klaas Vaak<\/b> en ook bij <b>Will Luikinga<\/b>. Ooit heb ik zelfs nog<!-- [et_pb_line_break_holder] -->            een liedje gezongen in de studio in Hilversum, toen ik 14 jaar was. Dat was bij <b>Will Wil Wel<\/b>, op de<!-- [et_pb_line_break_holder] -->            zondagmiddag werd het uitgezonden. Ik zong: &#8220;De kauwgomballenboom&#8221;, vreselijk, want ik kan helemaal niet<!-- [et_pb_line_break_holder] -->            zingen. In eerste instantie zou ik met m&#8217;n vriendin gaan, maar die durfde op het laatste moment niet. Toen<!-- [et_pb_line_break_holder] -->            is mijn vader maar meegegaan &#8230; stik zenuwachting natuurlijk, maar ik heb het wel gedaan! Eigenlijk was ik<!-- [et_pb_line_break_holder] -->            best een beetje op Tom, zijn stem h\u00e9 &#8230; Ik ben nog eens naar Aalsmeer gefietst toen ik 15 was en wist dat<!-- [et_pb_line_break_holder] -->            hij daar een drive in show had in &#8220;<b>de Oude Veiling<\/b>&#8221; en waarempel, ik fietste de hoek om en daar stond<!-- [et_pb_line_break_holder] -->            Tom zijn auto te wassen. Ik helemaal happy, heb zijn handtekening gevraagd en kreeg wat stickers mee. <\/pee><!-- [et_pb_line_break_holder] -->            <\/p>\n<figure class=\"floatright\"><img decoding=\"async\" src=\"\/afb\/stranding5.jpg\" \/><!-- [et_pb_line_break_holder] --><figcaption>de stranding<\/figcaption><!-- [et_pb_line_break_holder] -->            <\/figure>\n<p><!-- [et_pb_line_break_holder] --><!-- [et_pb_line_break_holder] -->        <pee>In totaal ben ik drie keer in de <b>Veronica studio<\/b> te Hilversum geweest en heb veel handtekeningen, ja,<!-- [et_pb_line_break_holder] -->            zelfs die van jou heb ik nog&#8230; Op school ging mijn eerste werkstuk natuurlijk over &#8220;Veronica&#8221;, ik heb het<!-- [et_pb_line_break_holder] -->            nog steeds. Bandrecorder mee naar school en kon daar de verzoekjes laten horen enz.. Ik kreeg er ook een<!-- [et_pb_line_break_holder] -->            dikke 9 voor. Mijn onderwijzer heeft destijds zelfs voor Sinterklaas, als surprise een <b>Veronica schip<\/b><!-- [et_pb_line_break_holder] -->            in elkaar geknutseld voor mij, heb ik nog lang bewaard. In <b>Rijsenhout<\/b> (waar ik destijds woonde) heb<!-- [et_pb_line_break_holder] -->            ik met mijn moeder deur aan deur handtekeningen opgehaald, de zg. gele <b>adhesiekaarten<\/b>, weet je nog<!-- [et_pb_line_break_holder] -->            &#8230; Hele stapels heb ik aangevraagd en ontvangen. De blaren in onze schoenen gelopen, maar het was voor een<!-- [et_pb_line_break_holder] -->            goed doel. Op mijn 16e ben ik naar het <b>strand van Scheveningen<\/b> geweest, toen het schip daar was<!-- [et_pb_line_break_holder] -->            terechtgekomen na die vreselijke <b>storm<\/b> in 1973. Ook heb ik natuurlijk <b>gedemonstreerd<\/b> in Den<!-- [et_pb_line_break_holder] -->            Haag, met spandoek naar het <b>Malieveld.<\/b> <b>31 augustus 1974<\/b> was een dramatische dag, wat een<!-- [et_pb_line_break_holder] -->            treurnis, voor ons gevoel was het net of er iemand was overleden. Maar ja, het leven gaat door al was het<!-- [et_pb_line_break_holder] -->            wennen zo zonder het vertrouwde Veronica &#8230; Later kwam de <b>VOO<\/b>, maar het was toch anders. Totdat ik<!-- [et_pb_line_break_holder] -->            in januari dit jaar mijn <b>Ziggopakket<\/b> uit ging breiden en <b>192TV<\/b> nu als vaste zender heb &#8230; Met<!-- [et_pb_line_break_holder] -->            die fantastische muziek en beelden van het geliefde Veronica schip. Het gaat weer helemaal kriebelen bij mij<!-- [et_pb_line_break_holder] -->            &#8230; (Veronica is gewoon een mooi deel van mijn leven geweest en leeft nog steeds in mijn hart). Alleen zonde<!-- [et_pb_line_break_holder] -->            dat het Veronica schip nu in <b>Antwerpen<\/b> ligt. Wat moeten die Belgen er mee? Dit schip behoort in<!-- [et_pb_line_break_holder] -->            Nederland te liggen met een leuke bestemming. Ik heb Bert, Ren\u00e9 en Ad gevraagd of het haalbaar is, op de \u00e9\u00e9n<!-- [et_pb_line_break_holder] -->            of andere manier, een actie te starten om het schip te kunnen kopen en in overleg een mooie, definitieve<!-- [et_pb_line_break_holder] -->            bestemming voor te zoeken, want dat verdient dit schip &#8230; toch?<\/pee><!-- [et_pb_line_break_holder] -->        <pee>Sinds vandaag heb ik mij aangemeld voor deze site. Eigenlijk schandalig dat ik dit niet eerder heb gedaan,<!-- [et_pb_line_break_holder] -->            want het is een prachtige site &#8230; met een leuk forum zie ik &#8230; <\/pee><!-- [et_pb_line_break_holder] -->        <pee><i>Anneke van Dijk, Hoofddorp juni 2012 <\/i> <\/pee><!-- [et_pb_line_break_holder] -->    <\/div>\n<p><!-- \n\n<div nn-page-herinneringen> --><!-- [et_pb_line_break_holder] --><\/div>\n<p><!-- \n\n<div nn-page-global> -->[\/et_pb_fullwidth_code][\/et_pb_section]<\/p>\n","protected":false},"excerpt":{"rendered":"","protected":false},"author":2,"featured_media":0,"parent":0,"menu_order":0,"comment_status":"closed","ping_status":"closed","template":"","meta":{"_et_pb_use_builder":"on","_et_pb_old_content":"","_et_gb_content_width":"","footnotes":""},"class_list":["post-10668","page","type-page","status-publish","hentry"],"blog_post_layout_featured_media_urls":{"thumbnail":"","full":""},"categories_names":null,"comments_number":0,"_links":{"self":[{"href":"https:\/\/www.norderney192.nl\/norderney\/wp-json\/wp\/v2\/pages\/10668","targetHints":{"allow":["GET"]}}],"collection":[{"href":"https:\/\/www.norderney192.nl\/norderney\/wp-json\/wp\/v2\/pages"}],"about":[{"href":"https:\/\/www.norderney192.nl\/norderney\/wp-json\/wp\/v2\/types\/page"}],"author":[{"embeddable":true,"href":"https:\/\/www.norderney192.nl\/norderney\/wp-json\/wp\/v2\/users\/2"}],"replies":[{"embeddable":true,"href":"https:\/\/www.norderney192.nl\/norderney\/wp-json\/wp\/v2\/comments?post=10668"}],"version-history":[{"count":0,"href":"https:\/\/www.norderney192.nl\/norderney\/wp-json\/wp\/v2\/pages\/10668\/revisions"}],"wp:attachment":[{"href":"https:\/\/www.norderney192.nl\/norderney\/wp-json\/wp\/v2\/media?parent=10668"}],"curies":[{"name":"wp","href":"https:\/\/api.w.org\/{rel}","templated":true}]}}

<p>[et_pb_section fb_built=&#8221;1&#8243; fullwidth=&#8221;on&#8221; admin_label=&#8221;Generic S0&#8243; module_id=&#8221;nn-generic-section0&#8243; _builder_version=&#8221;4.16&#8243; _module_preset=&#8221;default&#8221; saved_tabs=&#8221;all&#8221; global_colors_info=&#8221;{}&#8221;][et_pb_fullwidth_code admin_label=&#8221;Generic S0 Full Width Code&#8221; module_id=&#8221;nn-generic-section0-code&#8221; _builder_version=&#8221;4.17.3&#8243; _module_preset=&#8221;default&#8221; width=&#8221;100%&#8221; global_colors_info=&#8221;{}&#8221;]</p>
<h5><!-- [et_pb_line_break_holder] -->  anneke van dijk<!-- [et_pb_line_break_holder] --></h5>
<p>[/et_pb_fullwidth_code][/et_pb_section][et_pb_section fb_built=&#8221;1&#8243; fullwidth=&#8221;on&#8221; admin_label=&#8221;Generic S1&#8243; module_id=&#8221;nn-generic-section1&#8243; _builder_version=&#8221;4.16&#8243; _module_preset=&#8221;default&#8221; saved_tabs=&#8221;all&#8221; global_colors_info=&#8221;{}&#8221;][et_pb_fullwidth_code admin_label=&#8221;Generic S1 Full Width Code&#8221; module_id=&#8221;nn-generic-section1-code&#8221; _builder_version=&#8221;4.19.5&#8243; _module_preset=&#8221;default&#8221; width=&#8221;100%&#8221; custom_margin=&#8221;||||false|false&#8221; hover_enabled=&#8221;0&#8243; global_colors_info=&#8221;{}&#8221; sticky_enabled=&#8221;0&#8243;]</p>
<div id="nn-page-global"><!-- [et_pb_line_break_holder] -->    </p>
<div id="nn-page-herinneringen"><!-- [et_pb_line_break_holder] -->        <pee><!-- [et_pb_line_break_holder] -->        </p>
<h2>Veronica is gewoon een mooi deel van mijn leven geweest</h2>
<p><i>door Anneke van Dijk</i></pee><!-- [et_pb_line_break_holder] -->        </p>
<figure class="floatleft"><img decoding="async" src="/afb/tomcollins_dj.jpg" /><!-- [et_pb_line_break_holder] --><figcaption>Tom Collins</figcaption><!-- [et_pb_line_break_holder] -->        </figure>
<p><!-- [et_pb_line_break_holder] -->        <pee>In maart 1957 ben ik geboren en heb Veronica vanaf het begin meegemaakt, omdat mijn moeder meteen enorme fan<!-- [et_pb_line_break_holder] -->            was. Zij had zelfs nog <b>luisterviskaarten</b>. Vanaf mijn 11e jaar begon ik mij ter interesseren voor de<!-- [et_pb_line_break_holder] -->            muziek en vanaf mijn 12e jaar ben ik zeer geregeld verzoekplaten gaan aanvragen voor mijn klasgenoten,<!-- [et_pb_line_break_holder] -->            vooral bij <b>Tom Collins</b>, waar jij vaak technicus was &#8230; Ik weet nog dat hij je wel eens pestte met je<!-- [et_pb_line_break_holder] -->            haarkleur, ik heb nl. dezelfde haarkleur, maar van Tom kon je het hebben hé &#8230; hij meende het niet zo. Ook<!-- [et_pb_line_break_holder] -->            vroeg ik vaak verzoekjes aan bij <b>Klaas Vaak</b> en ook bij <b>Will Luikinga</b>. Ooit heb ik zelfs nog<!-- [et_pb_line_break_holder] -->            een liedje gezongen in de studio in Hilversum, toen ik 14 jaar was. Dat was bij <b>Will Wil Wel</b>, op de<!-- [et_pb_line_break_holder] -->            zondagmiddag werd het uitgezonden. Ik zong: &#8220;De kauwgomballenboom&#8221;, vreselijk, want ik kan helemaal niet<!-- [et_pb_line_break_holder] -->            zingen. In eerste instantie zou ik met m&#8217;n vriendin gaan, maar die durfde op het laatste moment niet. Toen<!-- [et_pb_line_break_holder] -->            is mijn vader maar meegegaan &#8230; stik zenuwachting natuurlijk, maar ik heb het wel gedaan! Eigenlijk was ik<!-- [et_pb_line_break_holder] -->            best een beetje op Tom, zijn stem hé &#8230; Ik ben nog eens naar Aalsmeer gefietst toen ik 15 was en wist dat<!-- [et_pb_line_break_holder] -->            hij daar een drive in show had in &#8220;<b>de Oude Veiling</b>&#8221; en waarempel, ik fietste de hoek om en daar stond<!-- [et_pb_line_break_holder] -->            Tom zijn auto te wassen. Ik helemaal happy, heb zijn handtekening gevraagd en kreeg wat stickers mee. </pee><!-- [et_pb_line_break_holder] -->            </p>
<figure class="floatright"><img decoding="async" src="/afb/stranding5.jpg" /><!-- [et_pb_line_break_holder] --><figcaption>de stranding</figcaption><!-- [et_pb_line_break_holder] -->            </figure>
<p><!-- [et_pb_line_break_holder] --><!-- [et_pb_line_break_holder] -->        <pee>In totaal ben ik drie keer in de <b>Veronica studio</b> te Hilversum geweest en heb veel handtekeningen, ja,<!-- [et_pb_line_break_holder] -->            zelfs die van jou heb ik nog&#8230; Op school ging mijn eerste werkstuk natuurlijk over &#8220;Veronica&#8221;, ik heb het<!-- [et_pb_line_break_holder] -->            nog steeds. Bandrecorder mee naar school en kon daar de verzoekjes laten horen enz.. Ik kreeg er ook een<!-- [et_pb_line_break_holder] -->            dikke 9 voor. Mijn onderwijzer heeft destijds zelfs voor Sinterklaas, als surprise een <b>Veronica schip</b><!-- [et_pb_line_break_holder] -->            in elkaar geknutseld voor mij, heb ik nog lang bewaard. In <b>Rijsenhout</b> (waar ik destijds woonde) heb<!-- [et_pb_line_break_holder] -->            ik met mijn moeder deur aan deur handtekeningen opgehaald, de zg. gele <b>adhesiekaarten</b>, weet je nog<!-- [et_pb_line_break_holder] -->            &#8230; Hele stapels heb ik aangevraagd en ontvangen. De blaren in onze schoenen gelopen, maar het was voor een<!-- [et_pb_line_break_holder] -->            goed doel. Op mijn 16e ben ik naar het <b>strand van Scheveningen</b> geweest, toen het schip daar was<!-- [et_pb_line_break_holder] -->            terechtgekomen na die vreselijke <b>storm</b> in 1973. Ook heb ik natuurlijk <b>gedemonstreerd</b> in Den<!-- [et_pb_line_break_holder] -->            Haag, met spandoek naar het <b>Malieveld.</b> <b>31 augustus 1974</b> was een dramatische dag, wat een<!-- [et_pb_line_break_holder] -->            treurnis, voor ons gevoel was het net of er iemand was overleden. Maar ja, het leven gaat door al was het<!-- [et_pb_line_break_holder] -->            wennen zo zonder het vertrouwde Veronica &#8230; Later kwam de <b>VOO</b>, maar het was toch anders. Totdat ik<!-- [et_pb_line_break_holder] -->            in januari dit jaar mijn <b>Ziggopakket</b> uit ging breiden en <b>192TV</b> nu als vaste zender heb &#8230; Met<!-- [et_pb_line_break_holder] -->            die fantastische muziek en beelden van het geliefde Veronica schip. Het gaat weer helemaal kriebelen bij mij<!-- [et_pb_line_break_holder] -->            &#8230; (Veronica is gewoon een mooi deel van mijn leven geweest en leeft nog steeds in mijn hart). Alleen zonde<!-- [et_pb_line_break_holder] -->            dat het Veronica schip nu in <b>Antwerpen</b> ligt. Wat moeten die Belgen er mee? Dit schip behoort in<!-- [et_pb_line_break_holder] -->            Nederland te liggen met een leuke bestemming. Ik heb Bert, René en Ad gevraagd of het haalbaar is, op de één<!-- [et_pb_line_break_holder] -->            of andere manier, een actie te starten om het schip te kunnen kopen en in overleg een mooie, definitieve<!-- [et_pb_line_break_holder] -->            bestemming voor te zoeken, want dat verdient dit schip &#8230; toch?</pee><!-- [et_pb_line_break_holder] -->        <pee>Sinds vandaag heb ik mij aangemeld voor deze site. Eigenlijk schandalig dat ik dit niet eerder heb gedaan,<!-- [et_pb_line_break_holder] -->            want het is een prachtige site &#8230; met een leuk forum zie ik &#8230; </pee><!-- [et_pb_line_break_holder] -->        <pee><i>Anneke van Dijk, Hoofddorp juni 2012 </i> </pee><!-- [et_pb_line_break_holder] -->    </div>
<p><!-- 

<div nn-page-herinneringen> --><!-- [et_pb_line_break_holder] --></div>
<p><!-- 

<div nn-page-global> -->[/et_pb_fullwidth_code][/et_pb_section]</p>
