{"id":10759,"date":"2022-05-25T01:07:48","date_gmt":"2022-05-24T23:07:48","guid":{"rendered":"https:\/\/www.norderney192.nl\/norderney\/?page_id=10759"},"modified":"2023-02-07T19:32:20","modified_gmt":"2023-02-07T18:32:20","slug":"herinneringen_sanne_benj","status":"publish","type":"page","link":"https:\/\/www.norderney192.nl\/norderney\/herinneringen_sanne_benj\/","title":{"rendered":"herinneringen_sanne_benj"},"content":{"rendered":"<p>[et_pb_section fb_built=&#8221;1&#8243; fullwidth=&#8221;on&#8221; admin_label=&#8221;Generic S0&#8243; module_id=&#8221;nn-generic-section0&#8243; _builder_version=&#8221;4.16&#8243; _module_preset=&#8221;default&#8221; saved_tabs=&#8221;all&#8221; global_colors_info=&#8221;{}&#8221;][et_pb_fullwidth_code admin_label=&#8221;Generic S0 Full Width Code&#8221; module_id=&#8221;nn-generic-section0-code&#8221; _builder_version=&#8221;4.17.3&#8243; _module_preset=&#8221;default&#8221; width=&#8221;100%&#8221; global_colors_info=&#8221;{}&#8221;]<\/p>\n<h5><!-- [et_pb_line_break_holder] -->  sanne benjamin<!-- [et_pb_line_break_holder] --><\/h5>\n<p>[\/et_pb_fullwidth_code][\/et_pb_section][et_pb_section fb_built=&#8221;1&#8243; fullwidth=&#8221;on&#8221; admin_label=&#8221;Generic S1&#8243; module_id=&#8221;nn-generic-section1&#8243; _builder_version=&#8221;4.16&#8243; _module_preset=&#8221;default&#8221; saved_tabs=&#8221;all&#8221; global_colors_info=&#8221;{}&#8221;][et_pb_fullwidth_code admin_label=&#8221;Generic S1 Full Width Code&#8221; module_id=&#8221;nn-generic-section1-code&#8221; _builder_version=&#8221;4.19.5&#8243; _module_preset=&#8221;default&#8221; width=&#8221;100%&#8221; custom_margin=&#8221;||||false|false&#8221; hover_enabled=&#8221;0&#8243; global_colors_info=&#8221;{}&#8221; sticky_enabled=&#8221;0&#8243;]<\/p>\n<div id=\"nn-page-global\"><!-- [et_pb_line_break_holder] -->    <\/p>\n<div id=\"nn-page-herinneringen\"><!-- [et_pb_line_break_holder] -->        <pee><!-- [et_pb_line_break_holder] -->        <\/p>\n<h2>Uit het dagboek van een Alkmaarse Veronica luisteraar<\/h2>\n<p><i>door Sanne Benjamin<\/i><\/pee><!-- [et_pb_line_break_holder] -->        <\/p>\n<figure class=\"floatright\"><img decoding=\"async\" src=\"\/afb\/veronicateam_nr_alkmaar.gif\" \/><!-- [et_pb_line_break_holder] --><figcaption><\/figcaption><!-- [et_pb_line_break_holder] -->        <\/figure>\n<p><!-- [et_pb_line_break_holder] -->        <pee><b>Zaterdag 23 september 1972<\/b><\/pee><!-- [et_pb_line_break_holder] -->        <pee><b>Om 11 uur begon op het oude AFC-terrein aan de Westerweg hier in Alkmaar een<!-- [et_pb_line_break_holder] -->                voetbalwedstrijd tussen een<!-- [et_pb_line_break_holder] -->                elftal van het St. Elisabethziekenhuis en het Veronica-elftal. Entree: volwassenen f<!-- [et_pb_line_break_holder] -->                1,&#8211;, kinderen f<!-- [et_pb_line_break_holder] -->                0,50, opbrengst voor de Alkmaarse ziekenomroep AROA. (Dit alles stond donderdag in de<!-- [et_pb_line_break_holder] -->                Alkmaarsche<!-- [et_pb_line_break_holder] -->                Courant).<\/b> <\/pee><!-- [et_pb_line_break_holder] -->        <pee>Mijn zus <b>Janneke<\/b> zit in de redaktie van de Mavo-schoolkrant (De Fluistervink) en zij<!-- [et_pb_line_break_holder] -->            had de opdracht<!-- [et_pb_line_break_holder] -->            gekregen om naar die wedstrijd te gaan, wat Veronica-spelers te interviewen, en er een<!-- [et_pb_line_break_holder] -->            verslag over te<!-- [et_pb_line_break_holder] -->            schrijven. Aldus togen Janneke en ik naar het voetbalveld; ik had een witte band met \u201cPERS\u201d<!-- [et_pb_line_break_holder] -->            erop op m\u2019n mouw<!-- [et_pb_line_break_holder] -->            gespeld. Bij de entreepoort stond een man stickers uit te delen, en nadat je betaald had<!-- [et_pb_line_break_holder] -->            kreeg je een<!-- [et_pb_line_break_holder] -->            sticker, een witte met rode letters: <b>Veronica 538 nu op volle kracht<\/b>. <\/pee><!-- [et_pb_line_break_holder] -->        <pee>We zagen nog enkele Veronica-spelers naar de kleedkamer lopen, o.a. <b>Stan<\/b> (met z\u2019n bril<!-- [et_pb_line_break_holder] -->            op, maar hij<!-- [et_pb_line_break_holder] -->            voetbalde z\u00f3nder bril), met grote tassen. Toen de Veronica-spelers in tenue uit de<!-- [et_pb_line_break_holder] -->            kleedkamer kwamen werden<!-- [et_pb_line_break_holder] -->            ze meteen bestormd door handtekeningenjagers, vnl. meisjes van \u00b1 13 jaar, die zeer<!-- [et_pb_line_break_holder] -->            teleurgesteld keken als<!-- [et_pb_line_break_holder] -->            ze de naam die op hun papiertje werd gekrabbeld helemaal niet kenden (zoals Henk Richter,<!-- [et_pb_line_break_holder] -->            zag ik). Ik vroeg<!-- [et_pb_line_break_holder] -->            aan Stan of we in de pauze wat vragen mochten stellen. Ja, zei die. Tot mijn verbazing liep<!-- [et_pb_line_break_holder] -->            ook <b>Henk van<!-- [et_pb_line_break_holder] -->                Dorp<\/b> het veld op. <\/pee><!-- [et_pb_line_break_holder] -->        <pee>De wedstrijd begon iets te laat, \u00b1 kwart over 11. D\u2019r was een echte KNVB-scheidsrechter in<!-- [et_pb_line_break_holder] -->            een zwart pakkie,<!-- [et_pb_line_break_holder] -->            en natuurlijk 2 grensrechters. O ja, d\u2019r waren ook nog Veronicavrouwen, ik zag tenminste<!-- [et_pb_line_break_holder] -->            (v\u00f3\u00f3r de wedstrijd,<!-- [et_pb_line_break_holder] -->            bij de kleedkamer) <b>Joop<\/b> bij een vrouw met een kindje. De ziekenhuisspelers speelden<!-- [et_pb_line_break_holder] -->            in geel en blauw,<!-- [et_pb_line_break_holder] -->            en de Veronicaspelers in de bekende oranje kousen, blauwe broek, en wit shirt met oranje?<!-- [et_pb_line_break_holder] -->            Veronicascheepje<!-- [et_pb_line_break_holder] -->            op het borstzakje. <\/pee><!-- [et_pb_line_break_holder] -->        <pee>De opstelling bij Veronica was als volgt: in \u2019t doel: <b>Loek<\/b>. <i>Achter<\/i>: <b>Han<!-- [et_pb_line_break_holder] -->                Vastenburg<\/b>,<!-- [et_pb_line_break_holder] -->            <b>Henk Richter<\/b>, en <b>Kwinie<\/b>, en <b>Joop<\/b>. <i>Midden<\/i>: <b>Tonnie de la<!-- [et_pb_line_break_holder] -->                Morena<\/b>, <b>Hans<!-- [et_pb_line_break_holder] -->                Steinhaus<\/b> (waarschijnlijk tenminste) en <b>Henk van Dorp<\/b>. Voor: <b>Stan<!-- [et_pb_line_break_holder] -->                Haag<\/b>, <b>Huub<!-- [et_pb_line_break_holder] -->                Veenhof<\/b> en <b>Mimo<\/b>.<!-- [et_pb_line_break_holder] -->        <\/pee><!-- [et_pb_line_break_holder] -->        <pee>Zoiets was \u2019t ongeveer, die plaatsen (linksback enzo) weet ik nooit zo precies. Voorzover ik<!-- [et_pb_line_break_holder] -->            de spelers niet<!-- [et_pb_line_break_holder] -->            herkende kon ik uit de namen die ze elkaar toeriepen wel ongeveer opmaken wie \u2019t waren, en<!-- [et_pb_line_break_holder] -->            verder kon ik \u2019t<!-- [et_pb_line_break_holder] -->            nog zien op de opstelling die in de kleedkamer lag. Maar dat komt later. De wedstrijd ging<!-- [et_pb_line_break_holder] -->            tamelijk gelijk<!-- [et_pb_line_break_holder] -->            op. Veronica drong steeds op, maar de ziekenhuizers deden dan weer snelle gevaarlijke<!-- [et_pb_line_break_holder] -->            uitvallen. Gelukkig<!-- [et_pb_line_break_holder] -->            was de Veronica-keeper hartstikke goed. In de 1e helft werd het <b>1-0<\/b> voor het<!-- [et_pb_line_break_holder] -->            ziekenhuis, doordat ze<!-- [et_pb_line_break_holder] -->            vlak bij het doel een vrije trap mochten nemen. Toch kreeg ik de indruk dat de<!-- [et_pb_line_break_holder] -->            Veronicaspelers beter op<!-- [et_pb_line_break_holder] -->            elkaar ingespeeld waren, ze speelden makkelijker over enzo. <\/pee><!-- [et_pb_line_break_holder] -->        <pee>Het publiek was gemiddeld zeer ondeskundig (wie is Rob Out nou? enz. enz.) en bestond<!-- [et_pb_line_break_holder] -->            grotendeels uit jongens<!-- [et_pb_line_break_holder] -->            en meisjes van 8 t\/m 15 jaar, die nogal op de hand van Veronica waren. Ze klierden met de<!-- [et_pb_line_break_holder] -->            stickers, en ze<!-- [et_pb_line_break_holder] -->            wilden zo graag <b>Rob Out<\/b>, <b>Chiel Montagne<\/b> en <b>Tom Collins<\/b> enz. zien<!-- [et_pb_line_break_holder] -->            (vooral de meisjes).<!-- [et_pb_line_break_holder] -->            Verder was er een schare ziekenhuissupporters, die begonnen te gillen als het ziekenhuis een<!-- [et_pb_line_break_holder] -->            aanval opzette.<!-- [et_pb_line_break_holder] -->            Toen het rust werd liepen de spelers al handtekeningen uitdelend naar de kleedkamer. Daar<!-- [et_pb_line_break_holder] -->            haalde een<!-- [et_pb_line_break_holder] -->            Veronica-speler handen vol stickers uit een tas en gaf die aan een paar kleine jongetjes,<!-- [et_pb_line_break_holder] -->            met de opdracht:<!-- [et_pb_line_break_holder] -->            uitdelen jongens. Hij deelde de hele tas leeg. <\/pee><!-- [et_pb_line_break_holder] -->        <pee>Je zag jongetjes lopen met stapels stickers. Of ze ook uitgedeeld werden betwijfel ik. De<!-- [et_pb_line_break_holder] -->            junioren van het<!-- [et_pb_line_break_holder] -->            Alkmaarse Trompetterkorps waren aangekomen, en liepen in de rust al trommelend en<!-- [et_pb_line_break_holder] -->            trompetterend een ronde om<!-- [et_pb_line_break_holder] -->            het veld. Maar Janneke en ik gingen de kleedkamer in om vragen te stellen. Eerst ging ik<!-- [et_pb_line_break_holder] -->            naar <b>Henk van<!-- [et_pb_line_break_holder] -->                Dorp<\/b>, en ik vroeg waarom hij nog bij Veronica speelde. Nou gewoon, omdat ik dat leuk<!-- [et_pb_line_break_holder] -->            vind. Maar u<!-- [et_pb_line_break_holder] -->            werkt nu toch bij Vrij Nederland? Ja. Nou, dan mag ik toch evengoed hier wel voetballen?<!-- [et_pb_line_break_holder] -->            Meer wilde hij<!-- [et_pb_line_break_holder] -->            zeker niet zeggen, dus ik vroeg wat over de organisatie, en toen zei die dat ik dat maar aan<!-- [et_pb_line_break_holder] -->            <b>Stan<!-- [et_pb_line_break_holder] -->                Haag<\/b> moest vragen, dat is de aanvoerder, die regelt dat allemaal.<!-- [et_pb_line_break_holder] -->        <\/pee><!-- [et_pb_line_break_holder] -->        <pee>Dus vroeg ik het aan Stan, en die vertelde dat de wedstrijden altijd door de thuisklup<!-- [et_pb_line_break_holder] -->            georganiseerd worden.<!-- [et_pb_line_break_holder] -->            Die nodigen het <b>Veronica-elftal<\/b> uit. Veronica krijgt wel reiskostenvergoeding, maar<!-- [et_pb_line_break_holder] -->            verder doen ze<!-- [et_pb_line_break_holder] -->            het gratis, het is gewoon een liefhebberij. Ze verdienen er dus niets mee. En willen die<!-- [et_pb_line_break_holder] -->            jongens dat<!-- [et_pb_line_break_holder] -->            allemaal wel? Ja, dat vinden ze leuk. <\/pee><!-- [et_pb_line_break_holder] -->        <pee><!-- [et_pb_line_break_holder] -->        <\/p>\n<figure class=\"floatright\"><img decoding=\"async\" src=\"\/afb\/veronica_team.jpg\" \/><!-- [et_pb_line_break_holder] --><figcaption><\/figcaption><!-- [et_pb_line_break_holder] -->        <\/figure>\n<p>Afijn, toen gebeurde er nog weer iets bijzonders in het kleine kleedkamertje, want<!-- [et_pb_line_break_holder] -->        terwijl de spelers<!-- [et_pb_line_break_holder] -->        zich tegoed deden aan limonade, en over de wedstrijd praatten (knudde), waren er een mevrouw met<!-- [et_pb_line_break_holder] -->        een microfoon<!-- [et_pb_line_break_holder] -->        en een meneer met een bandrecorder binnengekomen, en nadat de meneer het 3x fout had gedaan met<!-- [et_pb_line_break_holder] -->        de recorder,<!-- [et_pb_line_break_holder] -->        hield de mevrouw een heel verhaal in de microfoon, van Lieve luisteraars in het <b>Centraal<!-- [et_pb_line_break_holder] -->            Ziekenhuis<\/b> en in<!-- [et_pb_line_break_holder] -->        het <b>Elisabethziekenhuis<\/b>, we zijn hier nu in de kleedkamer van het <b>AFC-terrein<\/b>,<!-- [et_pb_line_break_holder] -->        waar de spelers van<!-- [et_pb_line_break_holder] -->        Veronica zitten uit te rusten van de voor hen minder goed afgelopen eerste helft van de<!-- [et_pb_line_break_holder] -->        wedstrijd. De<!-- [et_pb_line_break_holder] -->        aanvoerder, dat is \u2026.. en ze hield de microfoon onder Stan z\u2019n neus \u2026 \u201cStan Haag\u201d, zei Stan met<!-- [et_pb_line_break_holder] -->        zijn<!-- [et_pb_line_break_holder] -->        koffiebruine stem. \u201cJ\u00e1\u00e1\u00e1\u00e1\u00e1, de bekende diskjockey!\u201d riep de mevrouw, en daarna moest Stan<!-- [et_pb_line_break_holder] -->        vertellen wat hij van<!-- [et_pb_line_break_holder] -->        de wedstrijd vond enzo, en moest hij de andere spelers voorstellen. <\/pee><!-- [et_pb_line_break_holder] -->        <pee>Stan begon over <b>Huub Veenhof<\/b>, en dan over <b>Mimo<\/b>, de Italiaan, die komt uit Milaan. Tot groot<!-- [et_pb_line_break_holder] -->            plezier van de mevrouw spuugde Mimo enkele onvervalste Italiaanse zinnen in de microfoon, en daarna wezen de<!-- [et_pb_line_break_holder] -->            jongens haar op <b>Henk van Dorp<\/b>. De mevrouw vond Henk ook \u201ceen bekende diskjockey\u201d, en begon weer over<!-- [et_pb_line_break_holder] -->            de wedstrijd die tot nu toe zo slecht was verlopen voor Veronica. Henk zeurde wat dat ze maar op een andere<!-- [et_pb_line_break_holder] -->            golflengte moesten gaan voetballen, wat de mevrouw ook weer prachtig vond. Plaatjes draaien gaat beter, h\u00e8?<!-- [et_pb_line_break_holder] -->            vroeg ze. Ja, zei Henk, plaatjes draaien gaat beter. <\/pee><!-- [et_pb_line_break_holder] -->        <pee>De mevrouw vroeg ook nog of <b>Lex Harding<\/b> soms aanwezig was? Nee, zei Stan, die had gisteravond een<!-- [et_pb_line_break_holder] -->            feestje. (Nou vraag ik je; die Stan, die kan d\u2019r wat van!). Waarna de ceremonie afgesloten werd, en Janneke<!-- [et_pb_line_break_holder] -->            en ik en de mevrouw en de meneer van de ziekenomroep de kleedkamer (waarin alweer enkele<!-- [et_pb_line_break_holder] -->            handtekening-verzamelaars waren doorgedrongen) verlieten. De trompettertjes waren net klaar, en al spoedig<!-- [et_pb_line_break_holder] -->            begon de <b>2e helft<\/b>. <\/pee><!-- [et_pb_line_break_holder] -->        <pee>Het was mooi weer (hoewel een beetje fris), en er was tamelijk veel publiek. Veronica ging in de aanval, en<!-- [et_pb_line_break_holder] -->            al gauw scoorde Stan een prachtig doelpunt, uit een voorzet van Huub. <b>1-1<\/b>. Daarna ging het spel weer<!-- [et_pb_line_break_holder] -->            gelijk op. Aan Veronicazijde vielen een drietal blessures, nl. Mimo, Tonnie, en nog eentje helemaal aan de<!-- [et_pb_line_break_holder] -->            andere kant van het veld. Tonnie was het ergste, maar \u2019t viel allemaal best wel mee, want langs de kant<!-- [et_pb_line_break_holder] -->            stond een verzorgster met een lange witte jas en een emmer water met een spons, die de gewonden weer snel op<!-- [et_pb_line_break_holder] -->            de been hielp.<\/pee><!-- [et_pb_line_break_holder] -->        <pee> Het ziekenhuis kwam op <b>2-1<\/b>, en alle moeite van Veronica werd tegen het eind toch nog beloond door een<!-- [et_pb_line_break_holder] -->            doelpunt van Tonnie, <b>2-2<\/b>, uit een corner van Henk. <\/pee><!-- [et_pb_line_break_holder] -->        <pee>Langs de lijn stonden twee jonge vrouwen, die Stan bleek te kennen. Hij kwam tenminste naar ze toe en zei<!-- [et_pb_line_break_holder] -->            dingen als hee ben jij d\u2019r en hoe lang ben je d\u2019r al enzo, en lachte naar ze. Toen de scheidsrechter om \u00b1 1<!-- [et_pb_line_break_holder] -->            uur affloot was het dus 2-2, een <b>gelijkspel<\/b>, zoals Stan in de kleedkamer al voorspeld had. <\/pee><!-- [et_pb_line_break_holder] -->        <pee>In de kleedkamer had ik ook nog vernomen dat de spelers na afloop nog iets te eten kregen. Afijn, de<!-- [et_pb_line_break_holder] -->            wedstrijd was afgelopen, het veld lag bezaaid met witte papiertjes (de achterkantjes van de stickers), er<!-- [et_pb_line_break_holder] -->            liep haast geen kind meer rond zonder stickers op z\u2019n broek, en Janneke en ik gingen naar huis.<\/pee><!-- [et_pb_line_break_holder] -->        <pee><i>Sanne Benjamin<\/i><\/pee><!-- [et_pb_line_break_holder] -->    <\/div>\n<p><!-- \n\n<div nn-page-herinneringen> --><!-- [et_pb_line_break_holder] --><\/div>\n<p><!-- \n\n<div nn-page-global> -->[\/et_pb_fullwidth_code][\/et_pb_section]<\/p>\n","protected":false},"excerpt":{"rendered":"","protected":false},"author":2,"featured_media":0,"parent":0,"menu_order":0,"comment_status":"closed","ping_status":"closed","template":"","meta":{"_et_pb_use_builder":"on","_et_pb_old_content":"","_et_gb_content_width":"","footnotes":""},"class_list":["post-10759","page","type-page","status-publish","hentry"],"blog_post_layout_featured_media_urls":{"thumbnail":"","full":""},"categories_names":null,"comments_number":0,"_links":{"self":[{"href":"https:\/\/www.norderney192.nl\/norderney\/wp-json\/wp\/v2\/pages\/10759","targetHints":{"allow":["GET"]}}],"collection":[{"href":"https:\/\/www.norderney192.nl\/norderney\/wp-json\/wp\/v2\/pages"}],"about":[{"href":"https:\/\/www.norderney192.nl\/norderney\/wp-json\/wp\/v2\/types\/page"}],"author":[{"embeddable":true,"href":"https:\/\/www.norderney192.nl\/norderney\/wp-json\/wp\/v2\/users\/2"}],"replies":[{"embeddable":true,"href":"https:\/\/www.norderney192.nl\/norderney\/wp-json\/wp\/v2\/comments?post=10759"}],"version-history":[{"count":0,"href":"https:\/\/www.norderney192.nl\/norderney\/wp-json\/wp\/v2\/pages\/10759\/revisions"}],"wp:attachment":[{"href":"https:\/\/www.norderney192.nl\/norderney\/wp-json\/wp\/v2\/media?parent=10759"}],"curies":[{"name":"wp","href":"https:\/\/api.w.org\/{rel}","templated":true}]}}